What is w(53)?
-4
Let a(l) = -l**3 - 278*l**2 - 16512*l - 86. Give a(-192).
-86
Let r(n) = n**3 + 10*n**2 - 910*n - 8267. Give r(-9).
4
Let g(a) = -52*a**3 - 6*a**2 + 9*a - 22. Calculate g(3).
-1453
Let y(j) = 1190*j + 243945. Calculate y(-205).
-5
Let q(c) = 506*c - 12169. What is q(24)?
-25
Let d(j) = 1137*j - 10194. Calculate d(9).
39
Let w(s) = s**3 - 129*s**2 - 551*s + 1160. Calculate w(133).
-1367
Let b(r) = -7710*r + 4047754. Calculate b(525).
4
Let i(m) = -38*m**2 + 437*m - 1309. Determine i(6).
-55
Let d(y) = -y**3 - 213*y**2 - 231*y - 2342. What is d(-212)?
1686
Let f(q) = -138*q - 2799. Give f(-21).
99
Let v(c) = -29*c**2 - 1449*c + 150. Give v(-50).
100
Let y(w) = -w**3 - 17*w**2 + 443*w + 215. Determine y(-31).
-64
Let i(f) = 224*f - 5913. Determine i(27).
135
Let k(h) = 54*h**2 + 24204*h + 5453. What is k(-448)?
77
Let c(v) = -59*v + 1355. Calculate c(25).
-120
Let s(f) = 2*f**2 - 883*f + 10324. Give s(12).
16
Let u(p) = -36972*p - 5471882. Give u(-148).
-26
Let o(l) = -2*l**2 - 705803*l - 3528962. Determine o(-5).
3
Let p(q) = -q**3 - 144*q**2 + 280*q - 1468. What is p(-146)?
284
Let j(q) = -9645*q + 453285. Give j(47).
-30
Let m(d) = 97261*d + 778163. Determine m(-8).
75
Let d(o) = -14*o**2 + 832*o + 430. Give d(58).
1590
Let o(q) = 2437*q - 855393. What is o(351)?
-6
Let f(j) = -18*j**2 + 2287*j + 49960. Calculate f(-19).
9
Let b(f) = 121*f + 5058. Determine b(-37).
581
Let m(d) = -654*d - 58323. What is m(-89)?
-117
Let q(u) = -463*u + 8939. Determine q(23).
-1710
Let y(t) = 4636*t - 941110. Calculate y(203).
-2
Let z(r) = 39789*r + 3023954. Give z(-76).
-10
Let w(u) = -33014*u + 561237. Give w(17).
-1
Let s(p) = 749*p - 79478. Give s(106).
-84
Let m(a) = a**3 - 440*a**2 - 3077*a + 360. Determine m(-7).
-4
Let x(w) = -9918*w + 535720. Give x(54).
148
Let v(u) = 27739*u + 4604671. Determine v(-166).
-3
Let z(q) = q**2 - 175580*q - 1404692. Calculate z(-8).
12
Let g(v) = -v**2 - 1107*v - 7643. Calculate g(-7).
57
Let r(a) = 252*a + 8050. Give r(-45).
-3290
Let l(y) = 2*y**2 + 5*y + 383. Determine l(-25).
1508
Let n(x) = -2*x**3 + 94*x**2 + 1143*x - 164. Determine n(57).
7
Let l(v) = -366*v + 5898. What is l(17)?
-324
Let u(b) = -4135*b + 12398. Determine u(3).
-7
Let r(z) = z**3 - 78*z**2 - 439*z + 410. Calculate r(-6).
20
Let g(z) = -3*z**2 - 8*z + 2126. What is g(-28)?
-2
Let d(w) = 98*w + 57691. Determine d(-589).
-31
Let d(h) = -17*h**3 + 235*h**2 - 532*h + 39. What is d(11)?
-5
Let t(h) = 4*h**2 - 728*h + 6635. What is t(9)?
407
Let a(q) = 1411*q - 13169. Calculate a(8).
-1881
Let k(u) = -47*u**2 + 20234*u + 9919. What is k(431)?
6
Let s(o) = -o**2 - 1165*o - 26031. What is s(-23)?
235
Let d(x) = x**3 + 166*x**2 - 3141*x - 5464. What is d(-183)?
26
Let f(y) = -y**3 - 151*y**2 + 1224*y + 346. Determine f(8).
-38
Let o(l) = -4*l**2 - 3241*l - 23268. Calculate o(-803).
19
Let c(v) = v**3 + 22*v**2 - 294*v + 65. Give c(-32).
-767
Let k(m) = m**3 - 19*m**2 - 2348*m + 684. What is k(-40)?
204
Let r(g) = -g**3 - 85*g**2 - 732*g + 181. Calculate r(-10).
1
Let q(d) = 2*d**2 - 153*d - 4321. Calculate q(-25).
754
Let o(a) = a**3 + 3*a**2 - 411*a - 828. Calculate o(-2).
-2
Let v(u) = -u**3 - 21*u**2 - 241*u - 5772. Determine v(-22).
14
Let i(r) = -331*r - 73774. What is i(-223)?
39
Let x(b) = 10*b**3 - 11*b**2 - 161*b - 849. Determine x(-7).
-3691
Let p(z) = -z**3 - 97*z**2 - 959*z - 37. Calculate p(-12).
-769
Let w(v) = 3*v**2 + 235*v - 3411. Give w(-87).
-1149
Let b(p) = -75893*p + 5388402. Calculate b(71).
-1
Let g(v) = -v**2 - 85*v + 5494. Determine g(43).
-10
Let o(h) = 70492*h + 7754113. What is o(-110)?
-7
Let m(u) = u**3 + 442*u + 893. Calculate m(-2).
1
Let t(y) = 2*y**3 + 28*y**2 + 9*y + 589. Determine t(-15).
4
Let u(m) = -m**2 + 85*m - 665. Calculate u(17).
491
Let g(q) = q**2 + 4461*q + 194437. Give g(-44).
89
Let w(m) = -143955*m + 6909839. What is w(48)?
-1
Let h(i) = -269*i**2 - 7798*i + 73. What is h(-29)?
-14
Let l(w) = -w**3 + 313*w**2 - 420*w + 33706. Give l(312).
10
Let b(f) = 3165*f + 873613. Calculate b(-276).
73
Let r(h) = -19*h - 2484. What is r(-48)?
-1572
Let h(z) = -2*z**2 - 3111*z - 1020363. What is h(-470)?
7
Let a(f) = f**2 + 822*f - 246963. Calculate a(234).
141
Let m(l) = -1070*l + 29846. Give m(28).
-114
Let g(k) = 241282*k + 2412829. Give g(-10).
9
Let w(u) = 1471111*u + 2942187. What is w(-2)?
-35
Let m(p) = -p**2 + 37334*p + 1457555. What is m(-39)?
8
Let x(w) = -111*w - 9652. What is x(-72)?
-1660
Let m(q) = -q**3 - 31*q**2 - 86*q - 27. Calculate m(-29).
785
Let d(o) = 3*o**2 - 697*o + 37675. What is d(147)?
43
Let f(p) = 4164*p - 29184. Determine f(7).
-36
Let z(y) = -688*y + 16502. Give z(24).
-10
Let k(t) = -3*t**3 + 68*t**2 - 23*t + 964. Determine k(24).
-1892
Let f(i) = 6*i**2 - 139*i + 851. What is f(9)?
86
Let z(s) = 2*s**3 - 754*s**2 + 50*s - 21615. Determine z(377).
-2765
Let y(c) = 5*c**2 + 1052*c - 838. Determine y(-212).
858
Let q(g) = 4515*g + 907503. What is q(-201)?
-12
Let r(o) = 1600*o - 152035. Calculate r(95).
-35
Let y(a) = -6752*a + 26985. Calculate y(4).
-23
Let z(f) = -1066*f - 717299. Give z(-673).
119
Let s(b) = 9762*b + 29249. Determine s(-3).
-37
Let n(t) = -2*t**2 - 6012*t - 1169150. What is n(-209)?
-4
Let m(o) = -268*o - 433. Give m(-2).
103
Let i(f) = -2*f**3 + 18*f**2 - 627*f + 3542. What is i(6)?
-4
Let v(n) = -n**3 - 29*n**2 + 415*n + 10185. Determine v(-32).
-23
Let b(d) = 6*d**3 - 1327*d**2 - 48605*d + 102. What is b(-32)?
6
Let a(x) = 2*x**3 - 16*x**2 + 23130*x - 255175. Determine a(11).
-19
Let y(s) = 16*s**2 - 7*s - 829. Determine y(9).
404
Let m(w) = -w**3 + 10*w**2 - 36*w + 1080. What is m(13)?
105
Let d(j) = 155*j**2 - 847*j - 9. Calculate d(5).
-369
Let n(y) = -986*y**3 + 7*y**2 + 11*y + 5. Give n(-1).
987
Let g(i) = -4*i**3 + 151*i**2 + 370*i - 389. What is g(40)?
11
Let d(x) = 6*x**2 - 246*x + 463. What is d(2)?
-5
Let v(y) = -9*y**2 + 1026*y + 292241. Calculate v(-132).
-7
Let g(x) = -19*x**2 + 432*x + 124. What is g(22)?
432
Let o(n) = 82*n**2 - 285*n - 10. Give o(4).
162
Let a(l) = 26*l + 3943. Determine a(-158).
-165
Let t(m) = 6*m**3 - 97*m**2 + 18*m - 6. What is t(16)?
26
Let o(a) = 878*a + 1074. Calculate o(-2).
-682
Let d(r) = 65*r**2 - 884*r - 387. Calculate d(14).
-23
Let h(v) = 2*v**2 - 1309*v - 35347. Give h(-26).
39
Let i(z) = 3*z**2 + 26302*z + 1047295. What is i(-40)?
15
Let b(f) = -11060*f**2 + 33175*f + 7. Give b(3).
-8
Let x(n) = 318*n**2 - 67399*n - 3620. Determine x(212).
-16
Let g(w) = -5488*w + 120801. Give g(22).
65
Let z(p) = -14*p**2 - 102*p - 223. What is z(-10)?
-603
Let c(d) = 44719*d - 133993. What is c(3)?
164
Let f(r) = 126713*r + 2661113. Calculate f(-21).
140
Let b(o) = o**3 + 12*o**2 + o + 809. Give b(0).
809
Let y(h) = -h**3 - 23*h**2 - 116*h - 1553. Calculate y(-23).
1115
Let u(h) = -20793*h + 15033343. What is u(723)?
4
Let h(j) = -10*j**2 + 127*j - 562. Calculate h(6).
-160
Let s(h) = 3*h**2 - 499*h - 6756. What is s(177)?
-1092
Let c(z) = -1519*z - 159599. What is c(-105)?
-104
Let j(a) = 4173*a + 17744. Calculate j(-4).
1052
Let r(a) = 4*a**2 - 4785*a + 23933. Determine r(5).
108
Let w(k) = k**3 - 28*k**2 - 114*k - 424. Calculate w(-7).
-1341
Let g(f) = -4*f**2 + 299*f + 262. Calculate g(13).
3473
Let c(b) = 805*b + 9601. Calculate c(-15).
-2474
Let b(p) = -3*p**2 + 10179*p + 40754. What is b(-4)?
-10
Let n(p) = -16*p**2 + 8386*p + 33648. What is n(-4)?
-152
Let u(x) = 40*x**2 + 1197*x - 3558. What is u(3)?
393
Let v(o) = -6*o**2 - 3211*o - 50338. Determine v(-519).
5
Let z(v) = -7550*v + 173653. Calculate z(23).
3
Let f(n) = 3313*n - 1252322. Calculate f(378).
-8
Let d(f) = 124*f + 2999. Give d(-26).
-225
Let j(n) = 7151*n - 915280. Determine j(128).
48
Let l(r) = -56501*r + 2316534. What is l(41)?
-7
Let l(p) = -2*p**2 + 1230*p - 185331. Calculate l(264).
-3
Let n(d) = 11*d**2 - 310*d + 426. Give n(26).
-198
Let q(g) = -1901*g - 22761. Determine q(-12).
51
Let s(y) = -266*y - 11385. Determine s(-42).
-213
Let t(q) = 12760*q + 7439066. Calculate t(-583).
-14
Let a(k) = -132*k + 129. Determine a(4).
-399
Let i(p) = 426*p**2 + 7706*p + 21. Give i(-18).
-663
Let i(q) = -2*q**2 - 176665*q - 2826134. Calculate i(-16).
-6
Let c(f) = -2*f**3 + 432*f**2 + 107. Determine c(216).
107
Let t(k) = -k**3 + 10*k**2 - 2024*